 ((-4)/(-6))/(28/168). What is the greatest common factor of 6 and o?
2
Let r = 36 + 69. What is the highest common factor of r and 63?
21
Suppose -7 = -2*p - 5*n, 2*p + 0*p = 2*n. What is the greatest common factor of 3 and p?
1
Let p be 3 + (-2)/2 + 1. Suppose 2 = -p*w - 349. Let j = w + 225. What is the highest common factor of 12 and j?
12
Suppose -4*x - 72 + 0 = -4*f, -x = f + 10. Let v = x - -59. What is the greatest common divisor of 18 and v?
9
Let s = 268 + -138. Calculate the greatest common factor of s and 10.
10
Let c be (-2 + 1 - 0)/(2/4). Let p be ((-1584)/(-40))/(c/(-15)). Calculate the highest common divisor of 33 and p.
33
Let k(m) = m**2 + 16*m + 72. Let r be k(-8). Suppose 3*i = -i + 288. What is the highest common divisor of i and r?
8
Suppose -t + 2 = -33. Calculate the highest common divisor of t and 280.
35
Suppose 2*t - 7 - 55 = 0. What is the highest common divisor of t and 1271?
31
Suppose -7*x + 2*x = -25. Suppose -x*y = l - 280, -5*l + 7*y = 5*y - 1373. Calculate the highest common factor of 25 and l.
25
Suppose -2*y + 10 = -8. Let t = 47 + 16. What is the greatest common factor of y and t?
9
Suppose -83*y + 65*y = -36. Calculate the highest common divisor of y and 3.
1
Let y(z) = 19*z**2 - 1. Let i be y(-1). Calculate the greatest common factor of 12 and i.
6
Let i(b) = -7*b**3 - b**2 - 9*b + 3. Let c be i(-3). Calculate the highest common factor of c and 35.
35
Let q(h) = 4*h + 7. Let m(n) = n**2 + 3*n - 2. Let u be m(1). Let p be q(u). Calculate the highest common divisor of p and 165.
15
Let s be (1020/(-425))/(-1 - (-283)/285). Calculate the greatest common divisor of s and 18.
18
Let l(k) = -5*k + 18. Let f(g) = 6*g - 19. Let h(v) = 3*f(v) + 2*l(v). Let j be h(4). Calculate the greatest common factor of 1 and j.
1
Let o(q) = -q**3 - 9*q**2 - 16*q + 5. Let i be o(-7). What is the greatest common divisor of i and 152?
19
Let g be (81/(-18))/((-2)/((-112)/(-6))). What is the greatest common factor of g and 518?
14
Let c be 1 + -3 + 3*10/15. Let s be 0 - c - (9 - 191). What is the greatest common factor of s and 26?
26
Suppose 252 = 34*z - 28*z. What is the greatest common divisor of 336 and z?
42
Let o = 14 + -11. Suppose 0 = -o*u + 40 + 122. Calculate the greatest common factor of 135 and u.
27
Suppose 0 = -6*b - 12 + 54. Suppose b*s + 9 = -5. Let v(w) = -18*w - 3. Let t be v(s). Calculate the greatest common factor of t and 264.
33
Let p = -36 + 33. Let x be 5 + -1 + p + 7. What is the greatest common divisor of 12 and x?
4
Let j = 451 - 366. Let m be (-88)/(-14) - (-4)/(-14). Let h = 28 + m. What is the highest common divisor of j and h?
17
Let r(m) = 36 + 7*m**2 + m - 5*m**2 - 3*m**2. Let l be r(0). Calculate the highest common factor of 90 and l.
18
Let n be 3/(-6) + 26/4. Let p be (n/2 - 0) + 92. Let l be (-2)/10 - (-1146)/30. Calculate the greatest common factor of l and p.
19
Let z(p) = p**3 + p**2 - 2*p - 2. Suppose -12*l + 24 + 12 = 0. Let q be z(l). What is the highest common divisor of 84 and q?
28
Suppose -47*d + 5410 = -2016. What is the highest common divisor of d and 4?
2
Let z = 25 + -7. Let g be z/4 + (-4)/(-8). Suppose -23 = -g*t + 17. What is the greatest common divisor of t and 56?
8
Suppose -w - 3*c + 1419 = 0, 3*c + 1050 + 3147 = 3*w. Calculate the greatest common divisor of w and 108.
108
Suppose 3*m = -8 + 5, 4*r - 3*m - 223 = 0. Calculate the greatest common divisor of 33 and r.
11
Let c = -43 - -77. Let j(n) = 15*n**2 - 45*n - 9. Let s be j(4). Calculate the greatest common divisor of s and c.
17
Let r be 4/(-2)*4/(20/5575). Let d be -3*(-1)/21 + r/(-70). Calculate the greatest common factor of d and 8.
8
Let y be 12/54 - 102/(-27). Suppose -2*c + 5*r = -13, 2*r + 2*r + 4 = 0. What is the greatest common divisor of c and y?
4
Let o be -2 + (-131)/(-4) - 11/(-44). Calculate the highest common factor of 62 and o.
31
Suppose -515 = -5*h - 5*b, h = -2*h + b + 325. Let c = -48 + h. Suppose c = 2*y - 41. Calculate the highest common divisor of y and 10.
10
Suppose 4*n - 20 = -a, 4*a - 3*a = 0. Suppose -68 = -c + 2*x, 2*c + n*x = -3*c + 370. What is the greatest common divisor of 9 and c?
9
Let v(n) be the second derivative of -n**5/20 + 3*n**4/4 - 2*n**3/3 - 2*n**2 - 17*n. Let y be v(8). What is the greatest common divisor of 224 and y?
28
Let y be (5 + -8 - -2) + 3. Let c be y - 2/(-10)*0. Calculate the highest common factor of c and 2.
2
Let g = 173 - 103. Let o be (-3)/9 + 1/9*129. What is the highest common factor of g and o?
14
Suppose -3 = i - y, 0 = -5*i - 4*y - 0*y - 6. Let x be 10/i - -4 - -10. Calculate the highest common factor of 15 and x.
3
Suppose 185 = 2*y + 3*v, -5*y - 169 = -3*v - 600. Suppose -6*o = -2*o - 76. Suppose -6*n + 85 - o = 0. Calculate the greatest common divisor of y and n.
11
Let c(l) = -l + 6. Let d be c(0). Suppose d*z - 336 = -z. Let b(j) = -7*j - 4. Let a be b(-4). Calculate the highest common divisor of z and a.
24
Let o(i) = -2*i**3 - 2*i**2 + 2*i - 14. Let y be o(-3). What is the highest common divisor of y and 1024?
16
Let k(z) be the first derivative of -z**3/3 + 9*z**2 - 17*z - 2. Let i be k(14). Calculate the highest common divisor of 13 and i.
13
Suppose -2*w + 5*m + 707 = 8*m, -4*m = 4*w - 1416. Calculate the highest common divisor of 142 and w.
71
Let t(j) = j**2 + 9*j + 11. Suppose 5*s = m + 2*s + 21, 0 = -5*s + 25. Let h be t(m). Let f = h + 31. What is the greatest common divisor of f and 96?
24
Let z(a) = a**2 + 2*a + 9. Let q be z(0). Suppose -5*t + 107 + 118 = 0. Calculate the greatest common factor of t and q.
9
Let f(q) = 9*q - 54. Let o be f(8). Calculate the highest common factor of o and 81.
9
Suppose -5*k + 30 = j, -4*k = -29*j + 25*j. What is the highest common factor of 40 and j?
5
Let l = -23 - -25. Let t be l/((-16)/(-4))*(116 + 0). Calculate the highest common divisor of 145 and t.
29
Suppose 3*k + 6 = -0, -2*l - 4*k + 28 = 0. Let y = 280 + -190. Calculate the greatest common factor of y and l.
18
Let q(z) = 2*z**3 - 14*z**2 + 13*z + 1. Let t be q(6). Suppose 0 = -t*f + 20*f - 702. Calculate the greatest common factor of f and 12.
6
Let u = 0 - 0. Suppose 5*t - 4 = -19, -3*f - t - 573 = u. Let r = -69 - f. What is the highest common factor of r and 11?
11
Suppose 2324 = -0*j + 14*j. Calculate the greatest common divisor of j and 2.
2
Let v(q) = q + 6. Let f be v(-6). Suppose f*u = 5*u - 100. Calculate the highest common divisor of u and 140.
20
Suppose -5*i - 3*q - 82 = -301, 5*i - 213 = -q. Suppose 0 = 4*r - 0*l + l - 52, 3*r - 3*l - 54 = 0. Calculate the highest common divisor of i and r.
14
Suppose 4*v - 1623 = j, -9*v - 4*j = -8*v - 410. What is the highest common factor of v and 58?
58
Suppose -2 = -x - x, -4*x = -5*v - 19. Let h be (v*4/(6*2))/(-1). What is the highest common factor of 5 and h?
1
Let g(z) = z**3 - 12*z**2 - 74*z + 33. Let x be g(17). What is the greatest common factor of 88 and x?
44
Suppose 5*c = c - 5*j + 351, -5*c = -j - 417. Let f(n) = -n + 17. Let v be f(5). What is the greatest common divisor of v and c?
12
Let o be 1381 - (3/(3/(-2)) - 3). Calculate the greatest common factor of 99 and o.
99
Let t = -103 - -233. Let a = 144 - 52. Suppose 0 = 4*h - 3*f - a, 6*f - 12 = 3*f. Calculate the highest common factor of h and t.
26
Let u be (660/(-9))/(-10)*(-9)/(-6). Let h = 68 - -9. What is the highest common divisor of h and u?
11
Let r(v) = v**2 - v + 18. Let c be 9/(-27) + (-1)/(-3). Let s be r(c). Calculate the greatest common factor of 45 and s.
9
Suppose -5*o - 15 = 0, 0*q + 5*q - 41 = -3*o. Let s(v) = -v**2 - 5*v. Let r be s(-6). Let h = 14 - r. What is the greatest common factor of h and q?
10
Let k be ((-4)/8)/(3/(-12)). Suppose 59 = 4*y + 5*o, -k + 3 = -o. Calculate the greatest common divisor of 112 and y.
16
Suppose -99 = 5*i - 184. Calculate the greatest common factor of i and 323.
17
Let f(z) = 25*z**3 + 3*z**2 - 2*z - 8. Let l be f(3). What is the highest common divisor of l and 32?
16
Let o = -91 - -46. Let p be 105/o - (-4)/3. Let c be 1*(-1 + p - -101). Calculate the highest common factor of c and 9.
9
Let l be -1 - (-1 - ((-2 - -6) + -2)). Let u(w) = -5*w - 3*w**3 + 3*w**2 + w**3 + 7*w - 1 - 1. Let t be u(-2). Calculate the highest common divisor of l and t.
2
Suppose -2*c - 5*c = 91. L